{"id":3,"date":"2022-07-13T15:24:47","date_gmt":"2022-07-13T13:24:47","guid":{"rendered":"http:\/\/baratet-pepiniere.fr\/?page_id=3"},"modified":"2024-02-06T17:23:01","modified_gmt":"2024-02-06T16:23:01","slug":"politique-de-confidentialite","status":"publish","type":"page","link":"https:\/\/baratet-pepiniere.fr\/index.php\/politique-de-confidentialite\/","title":{"rendered":"Politique de confidentialit\u00e9"},"content":{"rendered":"\n<p>Conform\u00e9ment aux dispositions des articles 6-III et 19 de la Loi n\u00b0 2004-575 du 21 juin 2004 pour la Confiance dans l\u2019\u00e9conomie num\u00e9rique, dite L.C.E.N., nous portons \u00e0 la connaissance des utilisateurs et visiteurs du site\u00a0<strong>www.baratet-pepiniere.fr<\/strong>, les informations suivantes :<\/p>\n\n\n\n<h3 class=\"wp-block-heading\">INFORMATIONS L\u00c9GALES :<\/h3>\n\n\n\n<p><strong>Propri\u00e9taire<\/strong>\u00a0: Jean Louis Baratet<br><strong>Mail<\/strong>\u00a0:\u00a0pepiniere@baratet-pepiniere.fr<\/p>\n\n\n\n<p><strong>Cr\u00e9ation<\/strong>&nbsp;: Elie conseil et Com<br><strong>Mail<\/strong>&nbsp;:&nbsp;<a href=\"mailto:christelle.e@elieconseiletcom.fr\">christelle.e@elieconseiletcom.fr<\/a><br><strong>T\u00e9l<\/strong>. : +33 (6) 82 97 14 12<\/p>\n\n\n\n<p><strong>Directeur de la publication<\/strong>\u00a0:  Jean Louis Baratet<br><strong>Mail<\/strong>\u00a0: pepiniere@baratet-pepiniere.fr<\/p>\n\n\n\n<p><strong>H\u00e9bergeur<\/strong>\u00a0:<br>Hostinger<\/p>\n\n\n\n<h3 class=\"wp-block-heading\">DONN\u00c9ES PERSONNELLES<\/h3>\n\n\n\n<p>Le site\u00a0met en \u0153uvre un syst\u00e8me de collecte et de traitement des donn\u00e9es personnelles. Pour vous opposer \u00e0 la collecte de celles ci, merci de nous contacter par mail. <br><\/p>\n\n\n\n<h3 class=\"wp-block-heading\">PROPRI\u00c9T\u00c9 INTELLECTUELLE<\/h3>\n\n\n\n<p>L\u2019acc\u00e8s au site vous conf\u00e8re un droit d\u2019usage priv\u00e9. L\u2019ensemble des \u00e9l\u00e9ments \u00e9dit\u00e9s sur ce site, incluant notamment les textes, photographies, infographies, logos, marques\u2026 constituent des \u0153uvres au sens du code de la propri\u00e9t\u00e9 intellectuelle. Toute utilisation des \u0153uvres autres que la reproduction et la consultation individuelle et priv\u00e9e sont interdites. Sauf autorisation, toute reproduction, rediffusion ou commercialisation totale ou partielle du contenu est interdite.<\/p>\n\n\n\n<h3 class=\"wp-block-heading\">HYPERLIENS ET COOKIES<\/h3>\n\n\n\n<p>Les liens hypertextes mis en place dans le cadre du pr\u00e9sent site Web en direction d\u2019autres ressources pr\u00e9sentes sur le r\u00e9seau Internet ne sauraient engager la responsabilit\u00e9 de Baratet pepini\u00e8re. <\/p>\n\n\n\n<p>Lors des visites sur le site , des cookies de navigation peuvent \u00eatre implant\u00e9s dans l\u2019ordinateur des visiteurs. Un cookie ne permet pas d\u2019identifier le visiteur mais il enregistre des informations relatives \u00e0 la navigation de l\u2019ordinateur sur le site. Les donn\u00e9es ainsi obtenues visent \u00e0 faciliter la navigation ult\u00e9rieure sur le site, et ont \u00e9galement vocation \u00e0 permettre diverses mesures de fr\u00e9quentation. L\u2019utilisateur a la possibilit\u00e9 de s\u2019opposer \u00e0 l\u2019enregistrement de cookies en configurant son navigateur Internet en ce sens : Internet Explorer : onglet outil \/ options internet. Cliquer sur Confidentialit\u00e9 et choisir \u00ab Bloquer tous les cookies \u00bb. Firefox : onglet outil \/ pr\u00e9f\u00e9rence. Cliquer sur Vie priv\u00e9e et choisir \u00ab Indiquer aux sites que je ne souhaite pas \u00eatre pist\u00e9 \u00bb. Safari: menu \u00c9dition \/Pr\u00e9f\u00e9rences et s\u00e9lectionner Confidentialit\u00e9. Cliquer sur \u00ab Bloquer les cookies \u00bb. Google Chrome : Outils \/ Param\u00e8tres \/ Param\u00e8tres avanc\u00e9es. Dans Confidentialit\u00e9 cliquer sur Param\u00e8tres de contenu puis sur \u00abBloquer les cookies \u00bb.<br>Toutes les informations propos\u00e9es sur ce site sont donn\u00e9es \u00e0 titre indicatif, sont non exhaustives, et sont susceptibles d\u2019\u00e9voluer. L\u2019utilisateur d\u00e9gage la responsabilit\u00e9 de l\u2019entreprise pour tout pr\u00e9judice qu\u2019il pourrait subir ou faire subir, directement ou indirectement, du fait des services propos\u00e9s. Seule la responsabilit\u00e9 de l\u2019utilisateur est engag\u00e9e par l\u2019utilisation du service propos\u00e9 et celui-ci d\u00e9gage express\u00e9ment le site de toute responsabilit\u00e9 vis \u00e0 vis de tiers.<\/p>\n","protected":false},"excerpt":{"rendered":"<p>Conform\u00e9ment aux dispositions des articles 6-III et 19 de la Loi n\u00b0 2004-575 du 21 juin 2004 pour la Confiance dans l\u2019\u00e9conomie num\u00e9rique, dite L.C.E.N., nous portons \u00e0 la connaissance des utilisateurs et visiteurs du site\u00a0www.baratet-pepiniere.fr, les informations suivantes : INFORMATIONS L\u00c9GALES : Propri\u00e9taire\u00a0: Jean Louis BaratetMail\u00a0:\u00a0pepiniere@baratet-pepiniere.fr Cr\u00e9ation&nbsp;: Elie conseil et ComMail&nbsp;:&nbsp;christelle.e@elieconseiletcom.frT\u00e9l. : +33 (6)&hellip;<\/p>\n","protected":false},"author":1,"featured_media":0,"parent":0,"menu_order":0,"comment_status":"closed","ping_status":"open","template":"","meta":{"om_disable_all_campaigns":false,"_monsterinsights_skip_tracking":false,"_monsterinsights_sitenote_active":false,"_monsterinsights_sitenote_note":"","_monsterinsights_sitenote_category":0,"footnotes":""},"class_list":["post-3","page","type-page","status-publish","hentry","description-off"],"aioseo_notices":[],"_links":{"self":[{"href":"https:\/\/baratet-pepiniere.fr\/index.php\/wp-json\/wp\/v2\/pages\/3","targetHints":{"allow":["GET"]}}],"collection":[{"href":"https:\/\/baratet-pepiniere.fr\/index.php\/wp-json\/wp\/v2\/pages"}],"about":[{"href":"https:\/\/baratet-pepiniere.fr\/index.php\/wp-json\/wp\/v2\/types\/page"}],"author":[{"embeddable":true,"href":"https:\/\/baratet-pepiniere.fr\/index.php\/wp-json\/wp\/v2\/users\/1"}],"replies":[{"embeddable":true,"href":"https:\/\/baratet-pepiniere.fr\/index.php\/wp-json\/wp\/v2\/comments?post=3"}],"version-history":[{"count":1,"href":"https:\/\/baratet-pepiniere.fr\/index.php\/wp-json\/wp\/v2\/pages\/3\/revisions"}],"predecessor-version":[{"id":11741,"href":"https:\/\/baratet-pepiniere.fr\/index.php\/wp-json\/wp\/v2\/pages\/3\/revisions\/11741"}],"wp:attachment":[{"href":"https:\/\/baratet-pepiniere.fr\/index.php\/wp-json\/wp\/v2\/media?parent=3"}],"curies":[{"name":"wp","href":"https:\/\/api.w.org\/{rel}","templated":true}]}}